en 311782 is divided by 343.
338
Calculate the remainder when 155678 is divided by 80.
78
What is the remainder when 356357 is divided by 6599?
11
Calculate the remainder when 31805 is divided by 33.
26
What is the remainder when 93479 is divided by 97?
68
What is the remainder when 174822 is divided by 111?
108
Calculate the remainder when 1828 is divided by 188.
136
What is the remainder when 340716 is divided by 31?
26
Calculate the remainder when 1997 is divided by 59.
50
Calculate the remainder when 93453 is divided by 44.
41
What is the remainder when 128471 is divided by 15?
11
What is the remainder when 1281 is divided by 371?
168
Calculate the remainder when 222733 is divided by 35.
28
What is the remainder when 561024 is divided by 4?
0
What is the remainder when 88279 is divided by 218?
207
What is the remainder when 239783 is divided by 59945?
3
Calculate the remainder when 4241 is divided by 426.
407
What is the remainder when 51478 is divided by 66?
64
Calculate the remainder when 295067 is divided by 201.
200
What is the remainder when 419 is divided by 113?
80
What is the remainder when 407844 is divided by 13?
8
What is the remainder when 8828 is divided by 310?
148
Calculate the remainder when 64804 is divided by 283.
280
Calculate the remainder when 619 is divided by 90.
79
What is the remainder when 11099 is divided by 3?
2
Calculate the remainder when 198523 is divided by 163.
152
What is the remainder when 74814 is divided by 5?
4
Calculate the remainder when 414 is divided by 101.
10
Calculate the remainder when 875 is divided by 609.
266
What is the remainder when 11346 is divided by 222?
24
Calculate the remainder when 3613 is divided by 236.
73
What is the remainder when 41207 is divided by 8?
7
Calculate the remainder when 12087 is divided by 195.
192
What is the remainder when 2556523 is divided by 75?
73
What is the remainder when 280557 is divided by 1299?
1272
What is the remainder when 15065 is divided by 58?
43
What is the remainder when 3030 is divided by 190?
180
Calculate the remainder when 6968 is divided by 41.
39
What is the remainder when 336036 is divided by 112009?
9
Calculate the remainder when 1322 is divided by 366.
224
Calculate the remainder when 12421 is divided by 1238.
41
Calculate the remainder when 27831 is divided by 764.
327
What is the remainder when 28882 is divided by 116?
114
Calculate the remainder when 13469 is divided by 466.
421
Calculate the remainder when 41766 is divided by 144.
6
Calculate the remainder when 66027 is divided by 273.
234
Calculate the remainder when 571384 is divided by 124.
116
What is the remainder when 130051 is divided by 20?
11
Calculate the remainder when 13852 is divided by 293.
81
What is the remainder when 10939 is divided by 163?
18
What is the remainder when 4830 is divided by 4575?
255
What is the remainder when 3041 is divided by 594?
71
Calculate the remainder when 78375 is divided by 64.
39
What is the remainder when 750 is divided by 19?
9
Calculate the remainder when 574 is divided by 61.
25
What is the remainder when 1911 is divided by 1664?
247
What is the remainder when 13952 is divided by 6860?
232
Calculate the remainder when 647724 is divided by 35984.
12
Calculate the remainder when 3777 is divided by 1065.
582
What is the remainder when 140519 is divided by 8?
7
Calculate the remainder when 20944 is divided by 10348.
248
Calculate the remainder when 62664 is divided by 99.
96
Calculate the remainder when 12718 is divided by 425.
393
What is the remainder when 38793 is divided by 106?
103
What is the remainder when 25891 is divided by 417?
37
What is the remainder when 23072 is divided by 86?
24
What is the remainder when 17777 is divided by 111?
17
What is the remainder when 39874 is divided by 281?
253
Calculate the remainder when 138102 is divided by 504.
6
What is the remainder when 3103 is divided by 23?
21
Calculate the remainder when 2699 is divided by 437.
77
Calculate the remainder when 1778732 is divided by 16.
12
Calculate the remainder when 8744 is divided by 33.
32
Calculate the remainder when 7481 is divided by 4.
1
Calculate the remainder when 30151 is divided by 163.
159
Calculate the remainder when 10955 is divided by 42.
35
Calculate the remainder when 18285 is divided by 196.
57
What is the remainder when 15006 is divided by 3000?
6
Calculate the remainder when 95 is divided by 76.
19
What is the remainder when 146249 is divided by 108?
17
What is the remainder when 104456 is divided by 126?
2
Calculate the remainder when 10376 is divided by 11.
3
What is the remainder when 18566 is divided by 741?
41
Calculate the remainder when 8055 is divided by 6584.
1471
What is the remainder when 10304 is divided by 188?
152
Calculate the remainder when 112551 is divided by 1032.
63
Calculate the remainder when 19907 is divided by 26.
17
What is the remainder when 2415 is divided by 343?
14
Calculate the remainder when 15161 is divided by 3015.
86
Calculate the remainder when 6464 is divided by 451.
150
What is the remainder when 4431 is divided by 260?
11
Calculate the remainder when 69869 is divided by 23289.
2
What is the remainder when 35646 is divided by 1048?
14
What is the remainder when 436875 is divided by 5?
0
Calculate the remainder when 563262 is divided by 29.
24
Calculate the remainder when 2621 is divided by 86.
41
Calculate the remainder when 4220 is divided by 81.
8
What is the remainder when 108115 is divided by 2079?
7
What is the remainder when 2101 is divided by 529?
514
What is the remainder when 8056 is divided by 281?
188
Calculate the remainder when 7028 is divided by 64.
52
Calculate the remainder when 211789 is divided by 2.
1
Calculate the remainder when 69312 is divided by 38.
0
What is the remainder when 8662 is divided by 26?
4
Calculate the remainder when 110052 is divided by 204.
96
Calculate the remainder when 19575 is divided by 204.
195
Calculate the remainder when 28312 is divided by 13.
11
What is the remainder when 17971 is divided by 148?
63
Calculate the remainder when 6766 is divided by 357.
340
Calculate the remainder when 16186 is divided by 4872.
1570
Calculate the remainder when 7279 is divided by 73.
52
Calculate the remainder when 18510 is divided by 3698.
20
What is the remainder when 9388 is divided by 3125?
13
Calculate the remainder when 580770 is divided by 269.
268
What is the remainder when 318112 is divided by 411?
409
Calculate the remainder when 25781 is divided by 25776.
5
What is the remainder when 207878 is divided by 47?
44
What is the remainder when 1457 is divided by 292?
289
What is the remainder when 154978 is divided by 5?
3
What is the remainder when 10779 is divided by 41?
37
What is the remainder when 52999 is divided by 53?
52
What is the remainder when 49755 is divided by 517?
123
Calculate the remainder when 25317 is divided by 817.
807
What is the remainder when 26714 is divided by 334?
328
What is the remainder when 4404 is divided by 548?
20
What is the remainder when 1848 is divided by 626?
596
What is the remainder when 97517 is divided by 16?
13
What is the remainder when 808990 is divided by 404494?
2
What is the remainder when 112016 is divided by 22385?
91
What is the remainder when 912976 is divided by 720?
16
Calculate the remainder when 41514 is divided by 12.
6
What is the remainder when 122692 is divided by 60?
52
What is the remainder when 154822 is divided by 38703?
10
Calculate the remainder when 31251 is divided by 137.
15
What is the remainder when 1419 is divided by 416?
171
What is the remainder when 23314 is divided by 15?
4
What is the remainder when 6499 is divided by 1611?
55
What is the remainder when 863185 is divided by 138?
133
Calculate the remainder when 4857 is divided by 1569.
150
What is the remainder when 40315 is divided by 224?
219
What is the remainder when 70152 is divided by 15?
12
Calculate the remainder when 58126 is divided by 112.
110
What is the remainder when 250184 is divided by 195?
194
What is the remainder when 39522 is divided by 291?
237
Calculate the remainder when 32599 is divided by 10.
9
What is the remainder when 9654 is divided by 3124?
282
Calculate the remainder when 270357 is divided by 23.
15
C